{"id":2030,"date":"2021-10-17T21:27:12","date_gmt":"2021-10-17T19:27:12","guid":{"rendered":"http:\/\/debarrassez-moi.fr\/?page_id=2030"},"modified":"2022-04-04T19:50:17","modified_gmt":"2022-04-04T17:50:17","slug":"contact","status":"publish","type":"page","link":"https:\/\/debarrassez-moi.fr\/?page_id=2030","title":{"rendered":"Contact"},"content":{"rendered":"<p>[vc_row][vc_column width=\u00a0\u00bb1\/2&Prime;][vc_column_text]<div role=\"form\" class=\"wpcf7\" id=\"wpcf7-f1995-o1\" lang=\"en-US\" dir=\"ltr\">\n<div class=\"screen-reader-response\"><p role=\"status\" aria-live=\"polite\" aria-atomic=\"true\"><\/p> <ul><\/ul><\/div>\n<form action=\"\/index.php?rest_route=%2Fwp%2Fv2%2Fpages%2F2030#wpcf7-f1995-o1\" method=\"post\" class=\"wpcf7-form init\" novalidate=\"novalidate\" data-status=\"init\">\n<div style=\"display: none;\">\n<input type=\"hidden\" name=\"_wpcf7\" value=\"1995\" \/>\n<input type=\"hidden\" name=\"_wpcf7_version\" value=\"5.6.3\" \/>\n<input type=\"hidden\" name=\"_wpcf7_locale\" value=\"en_US\" \/>\n<input type=\"hidden\" name=\"_wpcf7_unit_tag\" value=\"wpcf7-f1995-o1\" \/>\n<input type=\"hidden\" name=\"_wpcf7_container_post\" value=\"0\" \/>\n<input type=\"hidden\" name=\"_wpcf7_posted_data_hash\" value=\"\" \/>\n<\/div>\n<div class=\"row\">\n<div class=\"col-md-6 col-sm-6\">\n<p><span class=\"wpcf7-form-control-wrap\" data-name=\"text-74\"><input type=\"text\" name=\"text-74\" value=\"\" size=\"40\" class=\"wpcf7-form-control wpcf7-text\" aria-invalid=\"false\" placeholder=\"Pr\u00e9nom\" \/><\/span><\/p>\n<p><span class=\"wpcf7-form-control-wrap\" data-name=\"text-73\"><input type=\"text\" name=\"text-73\" value=\"\" size=\"40\" class=\"wpcf7-form-control wpcf7-text\" aria-invalid=\"false\" placeholder=\"Nom\" \/><\/span><\/p>\n<p><label><br \/>\n    <span class=\"wpcf7-form-control-wrap\" data-name=\"your-email\"><input type=\"email\" name=\"your-email\" value=\"\" size=\"40\" class=\"wpcf7-form-control wpcf7-text wpcf7-email wpcf7-validates-as-required wpcf7-validates-as-email\" aria-required=\"true\" aria-invalid=\"false\" placeholder=\"Email *\" \/><\/span> <\/label>\n<\/div>\n<div class=\"col-md-12 col-sm-12\">\n<p><span class=\"wpcf7-form-control-wrap\" data-name=\"tel-387\"><input type=\"tel\" name=\"tel-387\" value=\"\" size=\"40\" class=\"wpcf7-form-control wpcf7-text wpcf7-tel wpcf7-validates-as-tel\" aria-invalid=\"false\" placeholder=\"T\u00e9l\u00e9phone\" \/><\/span><\/p>\n<p><label><br \/>\n    <span class=\"wpcf7-form-control-wrap\" data-name=\"your-subject\"><input type=\"text\" name=\"your-subject\" value=\"\" size=\"40\" class=\"wpcf7-form-control wpcf7-text\" aria-invalid=\"false\" placeholder=\"Objet du message *\" \/><\/span> <\/label>\n<\/div>\n<div class=\"col-md-12 col-sm-12\">\n<p><label><br \/>\n    <span class=\"wpcf7-form-control-wrap\" data-name=\"your-message\"><textarea name=\"your-message\" cols=\"40\" rows=\"10\" class=\"wpcf7-form-control wpcf7-textarea\" aria-invalid=\"false\" placeholder=\"Message *\"><\/textarea><\/span> <\/label>\n<\/div>\n<div class=\"col-md-12 col-sm-12\">\n<p><input type=\"submit\" value=\"Envoyez\" class=\"wpcf7-form-control has-spinner wpcf7-submit\" \/>\n<\/p><\/div>\n<\/div>\n<p style=\"display: none !important;\"><label>&#916;<textarea name=\"_wpcf7_ak_hp_textarea\" cols=\"45\" rows=\"8\" maxlength=\"100\"><\/textarea><\/label><input type=\"hidden\" id=\"ak_js_1\" name=\"_wpcf7_ak_js\" value=\"248\"\/><script>document.getElementById( \"ak_js_1\" ).setAttribute( \"value\", ( new Date() ).getTime() );<\/script><\/p><div class=\"wpcf7-response-output\" aria-hidden=\"true\"><\/div><\/form><\/div>[\/vc_column_text][\/vc_column][vc_column width=\u00a0\u00bb1\/2&Prime; css=\u00a0\u00bb.vc_custom_1497016973675{padding-left: 38px !important;}\u00a0\u00bb][vc_column_text]<\/p>\n<h3>Laissez-nous un avis sur Google :<\/h3>\n<p><a href=\"https:\/\/g.page\/r\/CV-LWLlct8coEB0\/review\"><img loading=\"lazy\" class=\"alignnone wp-image-2175 size-thumbnail\" src=\"https:\/\/debarrassez-moi.fr\/wp-content\/uploads\/2022\/03\/logo-google-e1580093471823-150x150.png\" alt=\"\" width=\"150\" height=\"150\" \/> <\/a>[\/vc_column_text][vc_column_text css=\u00a0\u00bb.vc_custom_1647552211824{margin-bottom: 8px !important;padding-top: 0px !important;padding-right: 0px !important;padding-bottom: 0px !important;padding-left: 0px !important;}\u00a0\u00bb]Nous vous d\u00e9barrassons dans toute la r\u00e9gion Haute-Garonne.<\/p>\n<p>Pour tout renseignement, n&rsquo;h\u00e9sitez surtout pas \u00e0 nous contacter, nous r\u00e9pondrons \u00e0 toutes vos questions!<\/p>\n<p>T : <a href=\"tel:+33677070878\">0677070878<\/a><\/p>\n<p>E : <a href=\"mailto:debarrassezmoi31@gmail.com\">debarrassezmoi31@gmail.com<\/a>[\/vc_column_text][vc_column_text css=\u00a0\u00bb.vc_custom_1634501486019{padding-top: 0px !important;padding-right: 0px !important;padding-bottom: 0px !important;padding-left: 0px !important;}\u00a0\u00bb][\/vc_column_text][vc_column_text]<h3 class=\"detail-title\">Mentions l\u00e9gales<\/h3>[\/vc_column_text][vc_column_text]Nous sommes une micro entreprise inscrite \u00e0 la chambre de commerce et d\u2019industrie de Toulouse sous le nom de \u00ab D\u00e9barrassez-moi \u00bb repr\u00e9sent\u00e9e par Mlle Zekri Laura. N\u00b0 Siret 51941056700019[\/vc_column_text][\/vc_column][\/vc_row]<\/p>\n","protected":false},"excerpt":{"rendered":"[vc_row][vc_column width=\u00a0\u00bb1\/2&Prime;][vc_column_text][\/vc_column_text][\/vc_column][vc_column width=\u00a0\u00bb1\/2&Prime; css=\u00a0\u00bb.vc_custom_1497016973675{padding-left: 38px !important;}\u00a0\u00bb][vc_column_text] Laissez-nous un avis sur Google : [\/vc_column_text][vc_column_text css=\u00a0\u00bb.vc_custom_1647552211824{margin-bottom: 8px !important;padding-top: 0px !important;padding-right: 0px !important;padding-bottom: 0px !important;padding-left: 0px !important;}\u00a0\u00bb]Nous vous d\u00e9barrassons dans toute la r\u00e9gion Haute-Garonne. Pour tout renseignement, n&rsquo;h\u00e9sitez surtout pas \u00e0 nous contacter, nous r\u00e9pondrons \u00e0 toutes vos questions! T : 0677070878 E : debarrassezmoi31@gmail.com[\/vc_column_text][vc_column_text css=\u00a0\u00bb.vc_custom_1634501486019{padding-top: 0px !important;padding-right:[&#8230;]","protected":false},"author":1,"featured_media":0,"parent":0,"menu_order":0,"comment_status":"closed","ping_status":"closed","template":"","meta":[],"yoast_head":"<!-- This site is optimized with the Yoast SEO plugin v19.7.1 - https:\/\/yoast.com\/wordpress\/plugins\/seo\/ -->\n<title>Contact - Debarrassez-moi<\/title>\n<meta name=\"description\" content=\"Nous sommes une micro entreprise inscrite \u00e0 la chambre de commerce et d\u2019industrie de Toulouse sous le nom de \u00ab D\u00e9barrassez-moi \u00bb.\" \/>\n<meta name=\"robots\" content=\"index, follow, max-snippet:-1, max-image-preview:large, max-video-preview:-1\" \/>\n<link rel=\"canonical\" href=\"https:\/\/debarrassez-moi.fr\/?page_id=2030\" \/>\n<meta property=\"og:locale\" content=\"fr_FR\" \/>\n<meta property=\"og:type\" content=\"article\" \/>\n<meta property=\"og:title\" content=\"Contact - Debarrassez-moi\" \/>\n<meta property=\"og:description\" content=\"Nous sommes une micro entreprise inscrite \u00e0 la chambre de commerce et d\u2019industrie de Toulouse sous le nom de \u00ab D\u00e9barrassez-moi \u00bb.\" \/>\n<meta property=\"og:url\" content=\"https:\/\/debarrassez-moi.fr\/?page_id=2030\" \/>\n<meta property=\"og:site_name\" content=\"Debarrassez-moi\" \/>\n<meta property=\"article:modified_time\" content=\"2022-04-04T17:50:17+00:00\" \/>\n<meta property=\"og:image\" content=\"https:\/\/debarrassez-moi.fr\/wp-content\/uploads\/2022\/03\/Logo-debarrassez-moi-FINAL-4.png\" \/>\n\t<meta property=\"og:image:width\" content=\"500\" \/>\n\t<meta property=\"og:image:height\" content=\"150\" \/>\n\t<meta property=\"og:image:type\" content=\"image\/png\" \/>\n<meta name=\"twitter:card\" content=\"summary_large_image\" \/>\n<meta name=\"twitter:label1\" content=\"Dur\u00e9e de lecture estim\u00e9e\" \/>\n\t<meta name=\"twitter:data1\" content=\"1 minute\" \/>\n<script type=\"application\/ld+json\" class=\"yoast-schema-graph\">{\"@context\":\"https:\/\/schema.org\",\"@graph\":[{\"@type\":\"WebPage\",\"@id\":\"https:\/\/debarrassez-moi.fr\/?page_id=2030\",\"url\":\"https:\/\/debarrassez-moi.fr\/?page_id=2030\",\"name\":\"Contact - Debarrassez-moi\",\"isPartOf\":{\"@id\":\"https:\/\/debarrassez-moi.fr\/#website\"},\"datePublished\":\"2021-10-17T19:27:12+00:00\",\"dateModified\":\"2022-04-04T17:50:17+00:00\",\"description\":\"Nous sommes une micro entreprise inscrite \u00e0 la chambre de commerce et d\u2019industrie de Toulouse sous le nom de \u00ab D\u00e9barrassez-moi \u00bb.\",\"breadcrumb\":{\"@id\":\"https:\/\/debarrassez-moi.fr\/?page_id=2030#breadcrumb\"},\"inLanguage\":\"fr-FR\",\"potentialAction\":[{\"@type\":\"ReadAction\",\"target\":[\"https:\/\/debarrassez-moi.fr\/?page_id=2030\"]}]},{\"@type\":\"BreadcrumbList\",\"@id\":\"https:\/\/debarrassez-moi.fr\/?page_id=2030#breadcrumb\",\"itemListElement\":[{\"@type\":\"ListItem\",\"position\":1,\"name\":\"Accueil\",\"item\":\"https:\/\/debarrassez-moi.fr\/\"},{\"@type\":\"ListItem\",\"position\":2,\"name\":\"Contact\"}]},{\"@type\":\"WebSite\",\"@id\":\"https:\/\/debarrassez-moi.fr\/#website\",\"url\":\"https:\/\/debarrassez-moi.fr\/\",\"name\":\"Debarrassez-moi\",\"description\":\"Service local de d\u00e9barras sur la Haute-Garonne\",\"publisher\":{\"@id\":\"https:\/\/debarrassez-moi.fr\/#organization\"},\"potentialAction\":[{\"@type\":\"SearchAction\",\"target\":{\"@type\":\"EntryPoint\",\"urlTemplate\":\"https:\/\/debarrassez-moi.fr\/?s={search_term_string}\"},\"query-input\":\"required name=search_term_string\"}],\"inLanguage\":\"fr-FR\"},{\"@type\":\"Organization\",\"@id\":\"https:\/\/debarrassez-moi.fr\/#organization\",\"name\":\"Debarrassez-moi\",\"url\":\"https:\/\/debarrassez-moi.fr\/\",\"sameAs\":[],\"logo\":{\"@type\":\"ImageObject\",\"inLanguage\":\"fr-FR\",\"@id\":\"https:\/\/debarrassez-moi.fr\/#\/schema\/logo\/image\/\",\"url\":\"https:\/\/debarrassez-moi.fr\/wp-content\/uploads\/2021\/10\/Logo-debarrassez-moi-FINAL-150x150-4.png\",\"contentUrl\":\"https:\/\/debarrassez-moi.fr\/wp-content\/uploads\/2021\/10\/Logo-debarrassez-moi-FINAL-150x150-4.png\",\"width\":150,\"height\":150,\"caption\":\"Debarrassez-moi\"},\"image\":{\"@id\":\"https:\/\/debarrassez-moi.fr\/#\/schema\/logo\/image\/\"}}]}<\/script>\n<!-- \/ Yoast SEO plugin. -->","yoast_head_json":{"title":"Contact - Debarrassez-moi","description":"Nous sommes une micro entreprise inscrite \u00e0 la chambre de commerce et d\u2019industrie de Toulouse sous le nom de \u00ab D\u00e9barrassez-moi \u00bb.","robots":{"index":"index","follow":"follow","max-snippet":"max-snippet:-1","max-image-preview":"max-image-preview:large","max-video-preview":"max-video-preview:-1"},"canonical":"https:\/\/debarrassez-moi.fr\/?page_id=2030","og_locale":"fr_FR","og_type":"article","og_title":"Contact - Debarrassez-moi","og_description":"Nous sommes une micro entreprise inscrite \u00e0 la chambre de commerce et d\u2019industrie de Toulouse sous le nom de \u00ab D\u00e9barrassez-moi \u00bb.","og_url":"https:\/\/debarrassez-moi.fr\/?page_id=2030","og_site_name":"Debarrassez-moi","article_modified_time":"2022-04-04T17:50:17+00:00","og_image":[{"width":500,"height":150,"url":"https:\/\/debarrassez-moi.fr\/wp-content\/uploads\/2022\/03\/Logo-debarrassez-moi-FINAL-4.png","type":"image\/png"}],"twitter_card":"summary_large_image","twitter_misc":{"Dur\u00e9e de lecture estim\u00e9e":"1 minute"},"schema":{"@context":"https:\/\/schema.org","@graph":[{"@type":"WebPage","@id":"https:\/\/debarrassez-moi.fr\/?page_id=2030","url":"https:\/\/debarrassez-moi.fr\/?page_id=2030","name":"Contact - Debarrassez-moi","isPartOf":{"@id":"https:\/\/debarrassez-moi.fr\/#website"},"datePublished":"2021-10-17T19:27:12+00:00","dateModified":"2022-04-04T17:50:17+00:00","description":"Nous sommes une micro entreprise inscrite \u00e0 la chambre de commerce et d\u2019industrie de Toulouse sous le nom de \u00ab D\u00e9barrassez-moi \u00bb.","breadcrumb":{"@id":"https:\/\/debarrassez-moi.fr\/?page_id=2030#breadcrumb"},"inLanguage":"fr-FR","potentialAction":[{"@type":"ReadAction","target":["https:\/\/debarrassez-moi.fr\/?page_id=2030"]}]},{"@type":"BreadcrumbList","@id":"https:\/\/debarrassez-moi.fr\/?page_id=2030#breadcrumb","itemListElement":[{"@type":"ListItem","position":1,"name":"Accueil","item":"https:\/\/debarrassez-moi.fr\/"},{"@type":"ListItem","position":2,"name":"Contact"}]},{"@type":"WebSite","@id":"https:\/\/debarrassez-moi.fr\/#website","url":"https:\/\/debarrassez-moi.fr\/","name":"Debarrassez-moi","description":"Service local de d\u00e9barras sur la Haute-Garonne","publisher":{"@id":"https:\/\/debarrassez-moi.fr\/#organization"},"potentialAction":[{"@type":"SearchAction","target":{"@type":"EntryPoint","urlTemplate":"https:\/\/debarrassez-moi.fr\/?s={search_term_string}"},"query-input":"required name=search_term_string"}],"inLanguage":"fr-FR"},{"@type":"Organization","@id":"https:\/\/debarrassez-moi.fr\/#organization","name":"Debarrassez-moi","url":"https:\/\/debarrassez-moi.fr\/","sameAs":[],"logo":{"@type":"ImageObject","inLanguage":"fr-FR","@id":"https:\/\/debarrassez-moi.fr\/#\/schema\/logo\/image\/","url":"https:\/\/debarrassez-moi.fr\/wp-content\/uploads\/2021\/10\/Logo-debarrassez-moi-FINAL-150x150-4.png","contentUrl":"https:\/\/debarrassez-moi.fr\/wp-content\/uploads\/2021\/10\/Logo-debarrassez-moi-FINAL-150x150-4.png","width":150,"height":150,"caption":"Debarrassez-moi"},"image":{"@id":"https:\/\/debarrassez-moi.fr\/#\/schema\/logo\/image\/"}}]}},"_links":{"self":[{"href":"https:\/\/debarrassez-moi.fr\/index.php?rest_route=\/wp\/v2\/pages\/2030"}],"collection":[{"href":"https:\/\/debarrassez-moi.fr\/index.php?rest_route=\/wp\/v2\/pages"}],"about":[{"href":"https:\/\/debarrassez-moi.fr\/index.php?rest_route=\/wp\/v2\/types\/page"}],"author":[{"embeddable":true,"href":"https:\/\/debarrassez-moi.fr\/index.php?rest_route=\/wp\/v2\/users\/1"}],"replies":[{"embeddable":true,"href":"https:\/\/debarrassez-moi.fr\/index.php?rest_route=%2Fwp%2Fv2%2Fcomments&post=2030"}],"version-history":[{"count":13,"href":"https:\/\/debarrassez-moi.fr\/index.php?rest_route=\/wp\/v2\/pages\/2030\/revisions"}],"predecessor-version":[{"id":2052,"href":"https:\/\/debarrassez-moi.fr\/index.php?rest_route=\/wp\/v2\/pages\/2030\/revisions\/2052"}],"wp:attachment":[{"href":"https:\/\/debarrassez-moi.fr\/index.php?rest_route=%2Fwp%2Fv2%2Fmedia&parent=2030"}],"curies":[{"name":"wp","href":"https:\/\/api.w.org\/{rel}","templated":true}]}}